w**2 + 3*w + 3. Calculate o(-1).
-31
Let c(p) = -2*p - 8. What is c(4)?
-16
Let w(c) = c**3 - 2*c**2 - c - 4. What is w(3)?
2
Let k(j) = -2*j**2 + 21*j - 44. Give k(7).
5
Let m(d) = -d**2 - 6*d - 3. Calculate m(-3).
6
Let c(s) = s**2 + 8*s - 22. Calculate c(-9).
-13
Let s(n) = -n**3 - 4*n**2 + 7*n. Calculate s(-5).
-10
Let b(w) = -2*w - 8. Calculate b(-8).
8
Let f(g) = -g**3 - 6*g**2 - 9*g + 1. What is f(-4)?
5
Let v(d) = 4*d + 60. Determine v(4).
76
Let r(v) = 14*v**3 + 1. Calculate r(-1).
-13
Let r(w) = -w**3 - w**2 - 134. What is r(0)?
-134
Let z(k) = k**3 - 9*k**2 + 18*k - 27. Give z(7).
1
Let p(s) = -s**3 + 5*s**2 + 3*s - 20. Calculate p(6).
-38
Let t(x) = -2*x**2 + x + 16. What is t(-4)?
-20
Let v(j) = 21*j - 319. Calculate v(15).
-4
Let u(i) = 13*i - 46. Calculate u(4).
6
Let b(x) = -x**2 + 14*x - 11. What is b(9)?
34
Let s(j) = -2*j**3 + 2*j**2 + 2*j - 2. Determine s(0).
-2
Let d(z) = z**3 + 4*z**2 - z - 9. Give d(-3).
3
Let n(b) = b**2 + 23*b + 14. What is n(-22)?
-8
Let h(m) = -2*m**2 + 10*m - 15. Determine h(2).
-3
Let x(i) = -4*i**2 + 2*i. What is x(2)?
-12
Let u(b) = b**2 + b - 2. Calculate u(0).
-2
Let y(t) = t - 6. Determine y(26).
20
Let l(d) = -2*d**2 - 55*d - 17. Calculate l(-27).
10
Let k(a) = a**2 - 13*a + 64. Determine k(9).
28
Let b(q) = 4*q - 17. Give b(5).
3
Let n(h) = -h**3 - 6*h**2 - 4*h + 6. What is n(-5)?
1
Let u(k) = -k**3 - k**2 + 11*k + 11. What is u(-6)?
125
Let a(p) = p**3 + 6*p**2 - p - 5. What is a(-6)?
1
Let n(w) = 2*w**2 - 5*w + 1. Calculate n(1).
-2
Let p(f) = -f**2 - 9*f - 7. Determine p(-1).
1
Let r(x) = -x**3 + 16*x**2 + x. Give r(16).
16
Let q(w) = -2*w - 28. Give q(-18).
8
Let i(s) = s**2 - 4*s - 8. Determine i(9).
37
Let h(j) = 16*j - 3. Give h(3).
45
Let o(h) = -h**3 + 7*h**2 - 6*h + 9. Give o(7).
-33
Let p(n) = 3*n**2 + 25*n - 56. Calculate p(2).
6
Let a(b) = 5*b + 2. Determine a(11).
57
Let x(p) = 5*p + 12. Give x(-9).
-33
Let s(n) = n**3 - n**2 + 12. Calculate s(0).
12
Let t(v) = -v**2 + 12*v + 25. Determine t(13).
12
Let f(d) = d**2 + 57*d + 723. What is f(-19)?
1
Let h(y) = 2*y**2 - 21*y - 2. What is h(11)?
9
Let h(p) = -9*p**2 + 74*p - 17. Determine h(8).
-1
Let k(z) = -z**2 + 2*z + 8. Determine k(-3).
-7
Let m(x) = -x**2 - 32*x + 75. Give m(-35).
-30
Let f(z) = -z**3 - z**2 + 2*z - 1. What is f(1)?
-1
Let v(q) = -2*q**3 - 8*q**2 - 11*q + 3. Determine v(-2).
9
Let i(x) = -2*x**3 + 42*x**2 - 38*x - 51. Calculate i(20).
-11
Let o(u) = 24*u**2 + u - 1. Determine o(1).
24
Let j(l) = l**3 + 6*l**2 + 6*l + 2. What is j(-5)?
-3
Let n(w) = 3*w + 6. Determine n(-2).
0
Let n(o) = -9*o**2 + 5*o - 5. What is n(2)?
-31
Let m(f) = -12*f + 20. What is m(0)?
20
Let h(n) = 5*n + 16. Determine h(0).
16
Let x(k) = -81*k**3 - 2*k**2 - 10*k + 11. Calculate x(1).
-82
Let s(u) = -u**3 + 12*u**2 + 12*u - 3. Determine s(13).
-16
Let q(g) = g**2 - 2*g - 9. What is q(5)?
6
Let d(j) = 2*j**3 - 11*j**2 - 6*j - 11. Calculate d(6).
-11
Let p(h) = 2*h**3 + 25*h**2 + 12*h - 1. Calculate p(-12).
-1
Let c(w) = 2*w + 15. Determine c(-5).
5
Let a(f) = f + 28. Calculate a(9).
37
Let a(y) = 10*y + 540. Calculate a(-53).
10
Let l(x) = x**3 + x**2 - 11*x - 4. What is l(-3)?
11
Let f(r) = r**3 + 21*r**2 - 25*r - 75. Determine f(-22).
-9
Let i(o) = o**3 + 4*o**2 + 3*o. What is i(-2)?
2
Let m(r) = -2*r**2 + 23*r - 37. Calculate m(9).
8
Let c(f) = -21*f - 168. Calculate c(-7).
-21
Let u(x) = -10*x - 9. Give u(-2).
11
Let n(f) = 161*f - 318. Calculate n(2).
4
Let v(t) = -t**3 + 4*t**2 + 6*t - 12. What is v(5)?
-7
Let g(f) = f**3 - 13*f**2 - 14*f + 15. Give g(14).
15
Let b(s) = s**3 + 7*s**2 + 10*s + 8. What is b(-5)?
8
Let l(v) = -v**3 + 6*v**2 - v - 7. What is l(6)?
-13
Let a(p) = -p**3 + 2*p**2 + 11*p + 6. Give a(-2).
0
Let h(m) = -3*m**2 - 27*m - 18. Calculate h(-8).
6
Let v(c) = -c + 18. Give v(8).
10
Let b(k) = 19*k + 2. Determine b(-1).
-17
Let i(f) = -f**2 + 13*f + 3. Give i(10).
33
Let o(a) = 4*a**3 - 9*a**2 + 12*a - 14. What is o(2)?
6
Let u(s) = -s**3 - 1. Give u(0).
-1
Let h(s) = 13*s + 6. Calculate h(-2).
-20
Let h(f) = 6*f**2 + 24*f + 10. What is h(-3)?
-8
Let h(i) = i**2 + 7*i - 5. Determine h(-5).
-15
Let p(q) = q**3 + 9*q**2 + 9*q + 14. Calculate p(-8).
6
Let f(j) = -j**3 + 41*j**2 - 42*j + 75. What is f(40)?
-5
Let w(o) = -o**2 - 27*o - 29. Give w(-26).
-3
Let x(m) = m**3 + 5*m**2 + 20*m - 3. Give x(-5).
-103
Let p(n) = 2*n**2 - 4*n + 6. What is p(4)?
22
Let v(w) = 4*w. Give v(1).
4
Let k(y) = -3*y - 13. What is k(-7)?
8
Let x(d) = 10*d - 158. Calculate x(16).
2
Let j(x) = -2*x**2 + 14*x + 2. Give j(6).
14
Let b(z) = -7*z - 213. Give b(-31).
4
Let l(c) = -4*c + 20. What is l(-15)?
80
Let r(c) = 10*c + 6. Give r(-1).
-4
Let m(o) = o**3 - 8*o**2 + 13*o - 6. What is m(5)?
-16
Let m(d) = d**2 + 15*d - 67. What is m(-19)?
9
Let w(f) = -62*f - 939. Determine w(-15).
-9
Let g(m) = 13*m - 149. Give g(12).
7
Let p(h) = 3*h - 1. What is p(-2)?
-7
Let n(r) = -9*r - 28. Calculate n(-9).
53
Let c(w) = 2*w**2 + 18*w + 31. What is c(-11)?
75
Let n(t) = 6*t + 13. Give n(-3).
-5
Let q(p) = -p**3 - 12*p**2 - 12*p - 4. Give q(-8).
-164
Let w(u) = 18*u + 3. Determine w(-2).
-33
Let s(l) = -8*l - 13. What is s(-4)?
19
Let y(m) = 2*m**2 + 18*m + 73. Calculate y(-7).
45
Let d(c) = c**3 - 17*c**2 + 31*c - 8. Give d(15).
7
Let b(v) = v + 14. Calculate b(-8).
6
Let k(x) = x**2 + 9*x + 16. Give k(-6).
-2
Let q(b) = 2*b**2 + 4*b + 7. Calculate q(-3).
13
Let m(w) = 27*w + 23. What is m(-4)?
-85
Let j(s) = 2*s**3 + 25*s**2 - 10*s + 31. Calculate j(-13).
-8
Let g(l) = 10*l**2 - 2*l + 1. Calculate g(1).
9
Let a(m) = m**2 + m + 28. Calculate a(0).
28
Let y(d) = 4*d + 4. Calculate y(6).
28
Let g(o) = -o**2 + 5*o - 1. Give g(2).
5
Let j(h) = h**2 + 11*h - 31. Determine j(-13).
-5
Let o(x) = 29*x - 459. Give o(16).
5
Let b(r) = -r**3 + 3*r**2 + 23*r - 3. Give b(6).
27
Let d(x) = -x**3 - 6*x**2 - 5*x + 5. Give d(-5).
5
Let y(j) = j**2 + 12*j + 80. Give y(-6).
44
Let o(v) = v**3 + 2*v**2 + 62. Determine o(0).
62
Let p(i) = i**3 - 11*i**2 + 2*i - 10. Calculate p(11).
12
Let o(c) = -c**2 + 4*c + 7. Calculate o(0).
7
Let k(l) = -3*l - 6. Give k(5).
-21
Let l(s) = s**3 - 3*s**2 + s. Give l(3).
3
Let g(w) = -w**2 + 191. Determine g(14).
-5
Let v(w) = -16*w - 32. What is v(0)?
-32
Let o(p) = -p**3 + 14*p**2 - 19*p - 51. Determine o(12).
9
Let z(n) = -3*n**2 - 25*n + 16. Calculate z(-9).
-2
Let r(j) = j**3 - 12*j**2 + 10*j + 11. Determine r(11).
0
Let w(o) = -o**3 - 11*o**2 - 6*o + 14. Give w(-9).
-94
Let r(v) = v + 8. What is r(6)?
14
Let b(g) = -44*g**3 + g**2 - 2*g - 1. Determine b(-1).
46
Let b(z) = 2*z**3 + 23*z**2 + 9*z - 35. Calculate b(-11).
-13
Let d(j) = 20*j - 230. Give d(11).
-10
Let q(m) = m**2 - m - 6. What is q(4)?
6
Let v(p) = 7*p + 2. Give v(-5).
-33
Let x(c) = -9*c + 21. Give x(7).
-42
Let o(y) = y**2 - 12*y - 55. Calculate o(-4).
9
Let x(f) = 2*f**2 - 2*f - 9. Calculate x(-3).
15
Let p(k) = -3*k + 41. Determine p(6).
23
Let i(m) = 3*m**2 + 25*m - 36. Give i(-9).
-18
Let n(m) = m**3 - 3*m**2 - 49*m + 138. Determine n(3).
-9
Let b(y) = -12*y + 113. Calculate b(7).
29
Let u(h) = -2*h**3 - 2*h**2 + 3*h + 4. What is u(3)?
-59
Let f(b) = -b**2 - 13*b + 10. Determine f(-10).
40
Let z(h) = h**3 + 14*h**2 - 3*h - 35. What is z(-14)?
7
Let z(o) = -o**2 - o + 57. Give z(0).
57
Let i(x) = 4*x + 1. Calculate i(4).
17
Let s(c) = -43*c - 903. Give s(-21).
0
Let k(x) = -x**3 - 5*x**2 + 17*x + 21. Give k(-7).
0
Let q(c) = -c**3 + 8*c**2 - 10*c + 1. Give q(7).
-20
Let g(v) = -7*v + 102. What is g(14)?
4
Let t(j) = 16*j**3 - j + 1. What is t(1)?
16
Let y(g) = -g. Determine y(11).
-11
Let o(f) = -9*f**3 - 2*f**2 + 2*f - 1. Give o(1).
-10
Let w(l) = 13*l + 149. Calculate w(-12).
-7
Let n(m) = -121*m**2 - 361*m + 3. Give n(-3).
-3
Let k(u) = u**3 + 13*u**2 - 13*u + 14. What is k(-14)?
0
Let x(v) = 2*v + 7. Give x(-3).
1
Let d(i) = 4*i - 42. Determine d(10).
-2
Let q(t) = t**2 + 10*t + 10. Determine q(-9).
1
Let p(h) = -h**3 - 5*h**2 + 2*h - 15. Calculate p(-6).
9
Let k(t) = 6*t**3 + 2*t**2 + t. Calculate k(-1).
-5
Let i(j) = 2*j**2 - 13*j + 3. Give i(5).
-12
Let y(d) = -d - 8. What is y(-15)?
7
Let p(o) = -96*o - 77. Give p(-1).
19
Let w(z) = -z**3 + 13*z**2 + 11*z + 46. Determine w(14).
4
Let u(k) = 2*k**2 + k + 2. Determine u(0).
2
Let g(x) = -x**3 - 3*x**2 + 2.